*g**2 - 822*g**2 + 2483*g**2 + 6*g - 830*g**2. Calculate c(v).
6
Let y(d) = -d + 1. Let b = -193 - -189. What is y(b)?
5
Let x(m) = -2*m**3 - 2*m + 1. Let l(z) = z**3 + 13*z**2 + 18*z - 43. Let f be l(-11). Determine x(f).
-3
Let z(r) = -r - 3. Let l(b) = b**2 - 2*b - 9. Let u(n) = -2*l(n) + 7*z(n). Let m be 3/(-9) - (-5)/(-3). Let g be u(m). Let k(f) = f**2 + 2*f - 6. Give k(g).
9
Let z = -949 - -1377. Let r be 10/45 + z/18. Let k be (-3)/(-4)*r/(-3). Let v(n) = -n - 4. What is v(k)?
2
Let j(b) = -b + 2. Suppose 4*p - 2*p - 4*d = 6, 0 = 3*d - 12. Determine j(p).
-9
Let p(d) = -d**2 - 2. Suppose -5*m = -4*k - 29, 4*m - k + 0*k - 21 = 0. Let q(v) = -v**2 - 4. Let l(b) = m*p(b) - 3*q(b). Calculate l(2).
-6
Let j = -28 + 31. Suppose -4*f + q = -15, -f + 12 = -2*q + j. Let x(u) = 0 - 5 - u + 4. What is x(f)?
-4
Let q = -1421/2 + 711. Let l(n) be the third derivative of 0*n + 0 + 4*n**2 + 1/24*n**4 - q*n**3. Give l(6).
3
Let v(n) = 19*n - 1. Let q be -7*(-9)/42*(-64)/(-48). Calculate v(q).
37
Let k(w) be the first derivative of 15*w**2/2 + w - 2827. Suppose -2 = -5*l + 3. What is k(l)?
16
Let g(r) = -8*r + 10*r**2 - 3*r**2 - 4 - 3 - r**3 + 2*r. Let n be (-45)/(-18)*-4*1. Let t be ((-12)/n)/(5/25). Determine g(t).
-7
Let f = -1 + 1. Let t = f + 3. Let z(v) = -v - t + 2*v + 3. Calculate z(4).
4
Let a(y) be the second derivative of -y**3/3 + y**2/2 + 7*y + 19. Suppose 0 = 3*j + 12 - 3. What is a(j)?
7
Let w(n) = n**3 - n - 1. Let u(q) = 5*q**3 - 3*q + 1. Let i(h) = -5*h**3 + 3*h. Let r(c) = -6*i(c) - 5*u(c). Let a(f) = -r(f) + 4*w(f). Calculate a(1).
-1
Let v be 4/(-2 + 6) + -1. Let t(a) = 7*a + 5. Let l(n) = 20*n + 14. Let j(s) = 6*l(s) - 17*t(s). Give j(v).
-1
Let o(d) be the second derivative of d**3/3 + d**2/2 + d. Suppose -6*s - 5 = -s. Let z = 0 - s. Calculate o(z).
3
Let d(k) be the first derivative of k**3 + 0*k**5 + 0*k - 1/24*k**4 - 1/90*k**6 + 0*k**2 + 5. Let g(z) be the third derivative of d(z). Calculate g(-1).
-5
Let c(t) = -t**3 + 44*t**2 - 44*t + 36. Let u be c(43). Let f(s) = s**3 + 6*s**2 - 4*s - 4. Calculate f(u).
-25
Let h(g) be the second derivative of -1/720*g**6 + 11/12*g**4 + 0*g**3 - g + 1/20*g**5 + 0 + 0*g**2. Let c(r) be the third derivative of h(r). Determine c(0).
6
Let y(n) = -7*n + 6 + 6*n**2 - 4 - 6158*n**3 - 4 + 6159*n**3. Suppose m + 28 = -3*m. Calculate y(m).
-2
Suppose 0 = 2*u + 2*u - 12. Let j(k) = -k. Let n be j(-5). Suppose -u*b = n*g + 2*b + 35, 4*b - 12 = 4*g. Let w(a) = a**3 + 4*a**2 - 5*a + 4. Give w(g).
4
Let f(t) = -3*t + t - 21*t**2 + t + 9*t**2 + 10*t**2. Determine f(4).
-36
Let j be (196 + 10)/(-2 + 4). Let w = 102 - j. Let c(t) = 4*t**2. Determine c(w).
4
Let y(x) = -x**2 + 3*x. Let q(g) = -g**3 - 11*g**2 - 8*g + 22. Let o be q(-10). What is y(o)?
2
Let b(q) = q**3 - 11*q**2 - q + 15. Let i = 1279 + -1268. Calculate b(i).
4
Suppose 0 = 4*z - 5*h + 2*h - 13, 5*z - 2*h - 18 = 0. Let v(g) be the first derivative of -6 - 5*g - z*g + g**2 + 9*g. Calculate v(-3).
-6
Let l(g) = 15 + 4*g - 18 + 20*g**2 + 4*g - 19*g**2. Let m = -14 - -5. Give l(m).
6
Let y be (-1)/((-10)/(-8))*55/(-22). Let x(k) = 6*k - 3. What is x(y)?
9
Suppose 6*g - 3*g + 30 = 0. Let p = g - -8. Let o(l) = 3*l**2 + 4*l + 2. Determine o(p).
6
Suppose 0 = -99*p - 285 + 1176. Let z(s) = s**3 - 8*s**2 - 3*s - 49. Determine z(p).
5
Let p be 24/9 - (-3)/9. Let z(t) = t + 2. Let j be z(p). Suppose -j*l + 4 = -16. Let k(y) = y**2 - 4*y + 5. Determine k(l).
5
Let i(c) = -5*c - 2. Let x(f) = 18*f. Let b be x(1). Suppose -10*a = -a + b. Determine i(a).
8
Let l(k) be the third derivative of -k**6/60 + k**5/15 - k**4/6 + k**3/2 - 4*k**2. Let h(o) = -o**2 + 10*o - 14. Let x be h(8). Give l(x).
-5
Let r(q) = q**3 + q**2 - 1. Let y(b) be the third derivative of b**4/24 - 3*b**3/2 + 13*b**2. Let s be y(13). Suppose s - 6 = -w. Give r(w).
11
Let y(b) = b + 12. Let q be y(-14). Let m(t) = t**2 + 2*t. Let v be m(q). Let p(a) = a - 5. Give p(v).
-5
Let h = 0 - 6. Let o(x) = -2*x + 2. Let t(j) = 5*j - 4. Let a(n) = -7*o(n) - 3*t(n). Calculate a(h).
4
Let a(q) = -2*q + 9. Suppose 0 = -2*h - u - 1, -3*h + 5*u + 6 - 1 = 0. Suppose 0*m + 12*m - 96 = h. Calculate a(m).
-7
Let g(w) = -4*w**3 + 29*w**2 - w + 17. Let a(c) = -9*c**3 + 59*c**2 - 2*c + 32. Let k(s) = -3*a(s) + 7*g(s). Determine k(26).
-3
Let n(s) = -s - 16 - 7*s - 6*s + 29 - 7. Determine n(4).
-50
Let q(u) = 4*u + 1. Let g(h) = 23*h + 8. Let a be g(4). Suppose -a = -4*k + 8*k. Let y = -26 - k. What is q(y)?
-3
Let i(v) be the second derivative of -v**5/20 - v**4/3 - v**3/6 + 2*v**2 + v - 5. Determine i(-2).
-2
Let c(n) = -n**3 - 11*n**2 + 10*n - 36. Let y be c(-12). Let u(x) = x + 16. What is u(y)?
4
Let m(t) be the second derivative of -t**3/6 - 9*t + 2. Suppose -20 = -5*n, -4*l = 2*n - 5*n + 36. Calculate m(l).
6
Let j(o) be the third derivative of o**7/168 + o**6/720 - 5*o**4/24 - 30*o**2. Let d(n) be the second derivative of j(n). Give d(-1).
14
Let x(d) be the first derivative of -2*d + 7/2*d**2 - 28. Give x(-2).
-16
Let k(c) = c**3 - 2*c - c + 1 + 2*c**3. Let x be (-19 + 23)*2/4. Give k(x).
19
Let r(g) = 5*g**3 + 11*g**2 + 5*g - 2. Let j(i) = -i**3 - 2*i**2 + 1. Let s(a) = 6*j(a) + r(a). Calculate s(-3).
7
Let u be 2 - (-4)/(-16)*0. Let p(h) = -h**2 + 2. Let o be p(u). Let j(y) = -2*y**3 - 3*y**2 - 2*y - 3. Give j(o).
5
Let w(m) be the third derivative of -m**7/2520 + m**6/240 - 9*m**5/20 - 39*m**2. Let n(p) be the third derivative of w(p). Determine n(-3).
9
Suppose -4*k + 4*z = -16, 4*z + 10 = -2. Let q(b) = b**3 - k - 3*b - 7 - 1 + 11 + b**2. What is q(2)?
8
Let s(o) be the second derivative of o**5/20 - 7*o**4/12 + o**2/2 + 7*o. Let p be s(7). Suppose -1 = h + p. Let b(j) = 2*j**3 + 3*j**2 + j - 2. Calculate b(h).
-8
Let z(f) = f - 1. Let a(x) = 3*x + 5. Let j(m) = a(m) - 2*z(m). Calculate j(-17).
-10
Let n(h) = 3*h - 4. Suppose 246 = -3*q + 258. What is n(q)?
8
Let y(x) = 1 + 17*x + 14*x - 2*x**2 + 16*x - 50*x. Let d = -4 - -5. Let g be (-2 + d)/(2/6). Calculate y(g).
-8
Let q(j) = 3*j**2 - 3*j + 5. Let c(y) = y**2 - y + 2. Let r(l) = 7*c(l) - 2*q(l). Calculate r(0).
4
Suppose -2*v - 3*v - 3*p = -132, -5*p = 5*v - 140. Let n = v - 19. Let w(u) = -u - 8*u**2 + n*u**2 + 7*u**2 + 14*u**2. Give w(-1).
19
Let g(c) = -10*c**3 + 3*c**2 - 4*c - 1. Let h(k) = 10*k**3 - 2*k**2 + 3*k + 1. Let a(u) = -2*g(u) - 3*h(u). Calculate a(-1).
10
Let a(v) = v**2 + 4*v + 1. Let t be a(-4). Let z(b) = 2*b**2 + t - 4*b**2 + 3*b**2 - b - 2*b**2. Let i be (-6)/(-2) + 2 + -4. Give z(i).
-1
Let c be (14/(-119) - (-30)/(-34))/(-1). Let t(x) = 3*x**3 + 1. What is t(c)?
4
Let v(b) = b**2 + 5*b - 1. Let h = 16 - 15. Suppose 0 = -4*o - 2*w + 18, o + w + h = 6*w. Suppose -o*z + 6 = -5*z. What is v(z)?
5
Let a = 31 - 27. Let g = a - 10. Let z(m) = m**2 + 3*m - 8. Give z(g).
10
Let n(d) = 4*d**2 + 5*d + 1. Let i(u) = -5*u**2 - 6*u - 2. Suppose 0 = 6*r + 10 - 28. Let j(o) = r*i(o) + 4*n(o). Calculate j(-3).
1
Suppose -5*m = 28*x - 29*x + 30, 0 = -m - 4*x + 15. Let p(a) = a**3 + 6*a**2 + a - 3. Give p(m).
17
Let i(k) = -23*k - 1. Let n(q) = 2*q. Let m(s) = -i(s) - 5*n(s). Determine m(3).
40
Let z(o) = o**2 - 58*o + 43. Let w(y) = -20*y + 15. Let l(v) = 17*w(v) - 6*z(v). Let b(x) = x**2 - 1. Let a = -3 + -2. Let h(j) = a*b(j) - l(j). Calculate h(7).
1
Let q be ((-4)/(-18)*-3)/(22/(-99)). Let h(g) = 3 + 12*g**3 + 5*g**2 + 6*g**3 - 5*g + 9*g**3 - 26*g**q. Give h(-6).
-3
Let r(u) = u**2 + 0*u**2 + 3 - 3 + 6 - 11*u. Calculate r(6).
-24
Let c be (-6 + 1)*(-39 - -40). Let f(m) = -m**2 - 5*m + 7. What is f(c)?
7
Suppose -5*h + 5*n + 200 = 0, h - 4*n + 106 = 4*h. Let j = h - 39. Let b(k) = 2*k**3 + k**2 + k. Give b(j).
-2
Let u(s) = s**3 - 1. Let d(h) = 6*h**3 + 4*h**2 + h - 4. Let r be -3 + 3 + 0 + -1. Let o(f) = r*d(f) + 5*u(f). Give o(-4).
3
Let u(t) = t**2 - 8*t + 9. Let f(b) = -4*b**2 + 31*b - 36. Let c(q) = -2*f(q) - 9*u(q). Let j be c(9). Let z(x) = -x - 18. Calculate z(j).
-18
Suppose x + 17 - 24 = 0. Let t(q) = -q**2 - 4 + 1 - 9 - x*q. Let b be t(-6). Let f(k) = -2*k - 5. Determine f(b).
7
Let b(o) = -3*o - 4. Let s = 28 - 28. Determine b(s).
-4
Let m(o) = -5*o**2 + 6*o - 4. Let l(c) = 9*c**2 - 13*c + 7. Let v(z) = -3*l(z) - 5*m(z). Let h = 3540 + -3534. Calculate v(h).
-19
Let m be 16/8*(-3 + 1). Let t = -46 - -49. Let q(g) = -9